{"id":1709,"date":"2013-02-06T13:57:21","date_gmt":"2013-02-06T11:57:21","guid":{"rendered":"http:\/\/hamburg.school-of-english.de\/pages\/?page_id=1709"},"modified":"2026-03-16T12:50:07","modified_gmt":"2026-03-16T10:50:07","slug":"foerdermoeglichkeiten","status":"publish","type":"page","link":"https:\/\/hamburg.school-of-english.de\/pages\/kurse\/foerdermoeglichkeiten\/","title":{"rendered":"F\u00f6rderm\u00f6glichkeiten"},"content":{"rendered":"<p>\n<style type=\"text\/css\">#dropcap-counter-1.g1-dropcap.g1-type-simple,\n#dropcap-counter-1.g1-dropcap.g1-type-square {\ncolor: #072b79;\n}\n<\/style>\n<span id=\"dropcap-counter-1\" class=\"g1-dropcap g1-type-simple\" ><span>D<\/span><\/span>ie HAMBURG SCHOOL OF ENGLISH Inh. Martin Payant eK verf\u00fcgt \u00fcber folgende, von der Fachkundigen Stelle HZA best\u00e4tigte Zertifizierungen:<\/p>\n<ul class=\"g1-grid\"><li class=\"g1-column g1-two-third g1-valign-top\"><br \/>\n\n<ul class=\"g1-type-heart\">\n<li>Zertifizierung als Tr\u00e4ger f\u00fcr die F\u00f6rderung der beruflichen Weiterbildung nach Anerkennungs- und Zulassungsverordnung berufliche Weiterbildung (AZAV)<\/li>\n<li>Zertifizierung von Ma\u00dfnahmen der beruflichen Weiterbildung nach SGB III \u00a7 81 (Bildungsgutscheinverfahren) nach Anerkennungs- und Zulassungsverordnung berufliche Weiterbildung (AZAV)<\/li>\n<li>Zertifizierung von Ma\u00dfnahmen zu Aktivierung und Eingliederung nach SGB III \u00a745 Absatz 1 Punkt 2 (Aktivierungs- und Vermittlungsgutschein \u2013 AVGS) nach Anerkennungs- und Zulassungsverordnung berufliche Weiterbildung (AZAV)<\/li>\n<\/ul>\n<br \/>\n<\/li><!-- --><li class=\"g1-column g1-one-third g1-valign-top\">\n<\/li><!-- --><\/ul>\n<p>Damit erf\u00fcllt die HAMBURG SCHOOL OF ENGLISH\u00a0Inh. Martin Payant eK die Kriterien f\u00fcr die F\u00f6rderung ihrer Kurse durch:<\/p>\n\n<ul class=\"g1-type-heart\">\n<li><a title=\"Infos zu Bildungsgutscheinen bei der Bundesagentur f\u00fcr Arbeit\" href=\"https:\/\/www.arbeitsagentur.de\/karriere-und-weiterbildung\/bildungsgutschein\" target=\"_blank\" rel=\"noopener\">Bildungsgutschein<\/a> \u00fcber Mittel der JobCenter und <a title=\"Zur Webseite der Bundesagentur f\u00fcr Arbeit\" href=\"http:\/\/www.kursnet.arbeitsagentur.de\/kurs\/portal\" target=\"_blank\" rel=\"noopener\">Agenturen f\u00fcr Arbeit<\/a><\/li>\n<li><a title=\"Infos zu Bildungsgutscheinen bei der Bundesagentur f\u00fcr Arbeit\" href=\"https:\/\/www.arbeitsagentur.de\/arbeitslos-arbeit-finden\/aktivierungs-vermittlungsgutschein-avgs\" target=\"_blank\" rel=\"noopener\">Aktivierungs-und Vermittlungsgutschein<\/a> \u00fcber Mittel der JobCenter und <a title=\"Zur Webseite der Bundesagentur f\u00fcr Arbeit\" href=\"http:\/\/www.kursnet.arbeitsagentur.de\/kurs\/portal\" target=\"_blank\" rel=\"noopener\">Agenturen f\u00fcr Arbeit<\/a><\/li>\n<li>Bildungspr\u00e4mie \u00fcber Mittel des <a title=\"Zur Webseite des Bundesministeriums f\u00fcr Bildung und Forschung\" href=\"http:\/\/www.bildungspraemie.info\/\" target=\"_blank\" rel=\"noopener\">Bundesministeriums f\u00fcr Bildung und Forschung<\/a><\/li>\n<\/ul>\n\n<h4>F\u00f6rderm\u00f6glichkeiten f\u00fcr Privatkunden<\/h4>\n<p>Folgende Ma\u00dfnahmen sind bei uns als zertifizierter Tr\u00e4ger \u00fcber das Bildungsgutschein-Verfahren (BGS) f\u00fcr Kunden der Agenturen f\u00fcr Arbeit \/ JobCenter zug\u00e4nglich (Ma\u00dfnahmenummern liegen vor):<\/p>\n<ul class=\"g1-grid\"><li class=\"g1-column g1-one-half g1-valign-top\">\n<div id=\"box-counter-1\" class=\"g1-box\" >\n<div id=\"box-header-counter-1\" class=\"g1-box-header\" >\n<h3>Englisch f\u00fcr den Beruf<\/h3>\n<\/div>\n<div id=\"box-content-counter-1\" class=\"g1-box-content\" ><div class=\"g1-inner\">\n<p>Mo.-Fr. 08.45-16.15 Uhr t\u00e4glich<\/p>\n\n<ul class=\"g1-type-heart\">\n<li>Englisch f\u00fcr den Beruf: 4 Wochen Vollzeit<\/li>\n<li>Englisch f\u00fcr den Beruf: 8 Wochen Vollzeit<\/li>\n<li>Englisch f\u00fcr den Beruf: 12 Wochen Vollzeit<\/li>\n<\/ul>\n\n<\/div><div class=\"g1-background\"><\/div><\/div>\n<\/div>\n<\/li><!-- --><li class=\"g1-column g1-one-half g1-valign-top\">\n<div id=\"box-counter-2\" class=\"g1-box\" >\n<div id=\"box-header-counter-2\" class=\"g1-box-header\" >\n<h3>Lehrerausbildungskurse<\/h3>\n<\/div>\n<div id=\"box-content-counter-2\" class=\"g1-box-content\" ><div class=\"g1-inner\">\n<p>Start auf Anfrage<\/p>\n\n<ul class=\"g1-type-heart\">\n<li>Cambridge University CELTA-Kurs &#8211; 4 Wochen Vollzeit, 09.00-18.00 Uhr<\/li>\n<li>Cambridge University CELTA-Kurs &#8211; 13 Wochen<br \/>\nDi, Do und Sa<\/li>\n<\/ul>\n\n<\/div><div class=\"g1-background\"><\/div><\/div>\n<\/div>\n<\/li><!-- --><\/ul>\n<p>Folgende Ma\u00dfnahmen sind bei uns als zertifizierter Tr\u00e4ger \u00fcber einen Aktivierungs- und Vermittlungsgutschein (AVGS) f\u00fcr Kunden der Agenturen f\u00fcr Arbeit \/ JobCenter zug\u00e4nglich:<\/p>\n<div id=\"box-counter-3\" class=\"g1-box\" >\n<div id=\"box-header-counter-3\" class=\"g1-box-header\" >\n<h3>Activate your Business English im Einzeltraining<\/h3>\n<\/div>\n<div id=\"box-content-counter-3\" class=\"g1-box-content\" ><div class=\"g1-inner\">\n\n<p>Start w\u00f6chentlich<\/p>\n<ul class=\"g1-type-heart\" class=\"g1-type-heart\">\n<li>Activate your Business English 4 Wochen Einzel Teilzeit<\/li>\n<li>Activate your Business English 8 Wochen Einzel Teilzeit<\/li>\n<li>Activate your Business English 4 Wochen Einzel Vollzeit<\/li>\n<\/ul>\n\n<\/div><div class=\"g1-background\"><\/div><\/div>\n<\/div>\n<h4>F\u00f6rderm\u00f6glichkeiten f\u00fcr kleine und mittlere Unternehmen: der Weiterbildungsbonus<\/h4>\n<p>Der Europ\u00e4ische Sozialfonds (ESF) und die Freie und Hansestadt Hamburg, Beh\u00f6rde f\u00fcr Wirtschaft und Arbeit, f\u00f6rdern seit November 2009 mit dem Projekt \u201eWeiterbildungsbonus\u201c gezielt kleine und mittlere Unternehmen (KMU, max. 249 Mitarbeiter\/innen) und deren Besch\u00e4ftigte.<br \/>\nDie Kosten f\u00fcr berufliche Qualifizierungen werden \u00fcber den \u201eWeiterbildungsbonus\u201c bis zu 100 % \u00fcbernommen &#8211; maximal 2.000,- \u20ac pro Jahr und Person. Voraussetzung f\u00fcr die F\u00f6rderung ist lediglich, dass die Qualifizierungsma\u00dfnahme arbeitsplatzsichernd f\u00fcr die Besch\u00e4ftigten und \/ oder wettbewerbsf\u00f6rdernd f\u00fcr das Unternehmen ist. Kleine und mittlere Unternehmen und deren Besch\u00e4ftigte k\u00f6nnen sich bei Weiterbildungsbedarf oder Fragen zur Finanzierung von Qualifizierungen direkt an PUNKT Bildungsmanagement wenden, telefonisch unter <span class=\"tel_no_in_box\">040-2840783-0<\/span> oder unter <a href=\"&#x6d;&#97;&#x69;&#x6c;&#116;&#x6f;&#58;i&#x6e;&#102;o&#x40;&#119;e&#x69;&#116;e&#x72;&#98;&#x69;&#x6c;&#100;&#x75;&#x6e;&#103;&#x73;&#98;o&#x6e;&#117;s&#x2e;&#100;e\">i&#110;&#102;&#111;&#x40;&#x77;&#x65;it&#101;&#114;&#x62;&#x69;&#x6c;&#x64;un&#103;&#115;&#x62;&#x6f;&#x6e;&#x75;s&#46;&#100;&#101;<\/a><\/p>\n<div id=\"testimonial-counter-2\" class=\"g1-testimonial g1-type-bubble g1-size-small\">\n<div class=\"g1-inner\">\n<p>Bei weiteren Fragen zu den F\u00f6rderm\u00f6glichkeiten \u00fcber das Bildungsgutschein-Verfahren (Job Center) kommen Sie einfach auf uns zu: telefonisch unter <span class=\"tel_no_in_box\">040-4802119<\/span> oder unter <a href=\"&#109;&#x61;&#105;&#x6c;&#116;&#x6f;:&#x69;n&#102;&#x6f;&#64;&#x68;&#97;&#x6d;b&#x75;r&#103;&#x2e;&#115;&#x63;&#104;&#x6f;&#111;&#x6c;-&#x6f;f&#45;&#x65;&#110;&#x67;&#108;&#x69;s&#x68;&#46;&#100;&#x65;\">&#105;&#110;&#x66;&#x6f;&#64;&#104;&#x61;&#x6d;&#98;&#117;&#x72;&#x67;&#46;&#115;&#x63;&#x68;&#111;&#111;&#x6c;&#x2d;&#111;&#102;&#x2d;&#x65;&#110;&#103;&#x6c;&#x69;&#115;&#104;&#x2e;&#x64;&#101;<\/a>. Fragen zu anderen F\u00f6rderprogrammen richten Sie bitte direkt an die oben angegebenen Kontaktstellen.<\/p>\n<div class=\"g1-meta helper\">\u201c<\/div>\n<\/div>\n<p class=\"meta\">\n<\/div>\n","protected":false},"excerpt":{"rendered":"<p>ie HAMBURG SCHOOL OF ENGLISH Inh. Martin Payant eK verf\u00fcgt \u00fcber folgende, von der Fachkundigen Stelle HZA best\u00e4tigte Zertifizierungen: Damit erf\u00fcllt die HAMBURG SCHOOL OF ENGLISH\u00a0Inh. Martin Payant eK die Kriterien f\u00fcr die F\u00f6rderung ihrer Kurse durch: F\u00f6rderm\u00f6glichkeiten f\u00fcr Privatkunden Folgende Ma\u00dfnahmen sind bei uns als zertifizierter Tr\u00e4ger \u00fcber das Bildungsgutschein-Verfahren (BGS) f\u00fcr Kunden der [&hellip;]<\/p>\n","protected":false},"author":6,"featured_media":0,"parent":33,"menu_order":40,"comment_status":"closed","ping_status":"closed","template":"g1_template_page_nav_left.php","meta":{"footnotes":""},"class_list":["post-1709","page","type-page","status-publish","hentry"],"aioseo_notices":[],"_links":{"self":[{"href":"https:\/\/hamburg.school-of-english.de\/pages\/wp-json\/wp\/v2\/pages\/1709","targetHints":{"allow":["GET"]}}],"collection":[{"href":"https:\/\/hamburg.school-of-english.de\/pages\/wp-json\/wp\/v2\/pages"}],"about":[{"href":"https:\/\/hamburg.school-of-english.de\/pages\/wp-json\/wp\/v2\/types\/page"}],"author":[{"embeddable":true,"href":"https:\/\/hamburg.school-of-english.de\/pages\/wp-json\/wp\/v2\/users\/6"}],"replies":[{"embeddable":true,"href":"https:\/\/hamburg.school-of-english.de\/pages\/wp-json\/wp\/v2\/comments?post=1709"}],"version-history":[{"count":53,"href":"https:\/\/hamburg.school-of-english.de\/pages\/wp-json\/wp\/v2\/pages\/1709\/revisions"}],"predecessor-version":[{"id":6040,"href":"https:\/\/hamburg.school-of-english.de\/pages\/wp-json\/wp\/v2\/pages\/1709\/revisions\/6040"}],"up":[{"embeddable":true,"href":"https:\/\/hamburg.school-of-english.de\/pages\/wp-json\/wp\/v2\/pages\/33"}],"wp:attachment":[{"href":"https:\/\/hamburg.school-of-english.de\/pages\/wp-json\/wp\/v2\/media?parent=1709"}],"curies":[{"name":"wp","href":"https:\/\/api.w.org\/{rel}","templated":true}]}}